*2 + 29*o - 7. Give r(9).
-394
Let f(q) = 24*q + 592. Give f(-21).
88
Let n(q) = -3*q**3 + 75*q**2 + 66*q + 308. Calculate n(26).
-4
Let g(c) = c**3 - 13*c**2 + 79*c - 823. Give g(12).
-19
Let j(g) = -2*g**2 - 36*g - 172. Calculate j(-4).
-60
Let c(m) = 66*m**2 - 4*m - 27. Determine c(-3).
579
Let b(y) = -y**3 + 85*y**2 + 1053*y + 288. Calculate b(96).
0
Let q(k) = -k**2 + 47*k - 275. What is q(19)?
257
Let o(x) = -4*x**2 - 43*x + 201. Calculate o(5).
-114
Let c(b) = -6*b**3 - 30*b**2 + b + 21. What is c(-4)?
-79
Let q(i) = -i**3 + i**2 - 190*i + 803. Give q(4).
-5
Let y(g) = 2*g**3 + 28*g**2 - 29*g + 49. Calculate y(-15).
34
Let h(m) = 4*m**2 - 18*m - 232. Calculate h(-6).
20
Let c(y) = -6089*y - 18287. Determine c(-3).
-20
Let q(z) = 21*z**2 + 6954*z + 990. Determine q(-331).
-3
Let v(q) = q**2 - 36*q + 248. Determine v(25).
-27
Let r(z) = 25*z + 583. What is r(-25)?
-42
Let j(f) = 2*f**3 + 2*f**2 + 22*f - 65. Give j(3).
73
Let t(l) = l + 159. Give t(-44).
115
Let y(h) = -14*h**2 + 2*h + 2. Determine y(-2).
-58
Let i(f) = f**2 - 8*f - 14. Give i(5).
-29
Let r(g) = g**2 + 82*g - 396. Give r(-84).
-228
Let m(p) = -p**2 - 34*p + 434. Give m(10).
-6
Let d(v) = 77*v**2 + 1928*v + 82. Determine d(-25).
7
Let l(g) = 1657*g - 54712. Determine l(33).
-31
Let j(b) = 4*b**3 - 11*b**2 - 16*b + 32. Calculate j(2).
-12
Let f(p) = p**2 - 3*p - 1189. Give f(-34).
69
Let l(j) = 1131*j + 18100. Determine l(-16).
4
Let d(b) = -55*b**2 + 442*b - 16. What is d(8)?
0
Let z(l) = 21*l**2 + 200*l - 127. Determine z(-10).
-27
Let b(l) = 8*l**2 - 42*l + 249. Give b(6).
285
Let t(j) = 70*j**2 - 326*j - 93. Give t(5).
27
Let j(a) = -5*a**2 + 3*a + 170. Determine j(-10).
-360
Let k(b) = 3*b**2 - 44*b + 99. Determine k(12).
3
Let t(w) = w - 51. Determine t(-15).
-66
Let p(h) = -47*h - 498. Determine p(-9).
-75
Let m(v) = v**2 + 34*v + 229. Calculate m(-25).
4
Let j(f) = -19*f + 21. Determine j(-7).
154
Let m(t) = -666*t - 12644. Give m(-19).
10
Let b(i) = -i**3 - 181*i**2 - 2037*i - 1522. Calculate b(-169).
-1
Let x(d) = 86*d + 16. Calculate x(1).
102
Let n(o) = -o**3 + 101*o + 2. Give n(-10).
-8
Let m(d) = 189*d + 10779. Calculate m(-57).
6
Let l(u) = 96*u - 42. Determine l(1).
54
Let q(k) = -6*k - 275. Determine q(-34).
-71
Let g(j) = -j**3 + 12*j**2 + 61*j + 52. Determine g(16).
4
Let r(m) = 6*m**3 - 7*m**2 - 220*m + 227. Calculate r(1).
6
Let k(t) = 10548*t - 105483. Determine k(10).
-3
Let m(b) = -b**3 + 17*b**2 - 26*b - 97. Give m(16).
-257
Let u(c) = -c**2 + 1025*c - 3063. What is u(3)?
3
Let b(y) = -74*y**2 + 114*y - 5. What is b(2)?
-73
Let q(i) = 8*i - 8. Calculate q(10).
72
Let d(b) = 4*b - 53. Give d(15).
7
Let d(t) = -42*t + 32. Determine d(0).
32
Let c(g) = g**2 + 3*g + 15. Determine c(-3).
15
Let t(r) = -29*r + 265. Determine t(7).
62
Let h(o) = -o**2 - 41*o + 192. Determine h(-43).
106
Let z(c) = 311*c + 3418. Give z(-11).
-3
Let o(q) = 38*q**2 + 58*q - 94. Determine o(1).
2
Let i(l) = 217*l**2 - 13*l + 13. Give i(1).
217
Let v(n) = 5*n - 18. Give v(8).
22
Let d(h) = 5*h**2 - 49*h + 73. What is d(16)?
569
Let f(h) = -h**2 + 15*h - 57. Determine f(7).
-1
Let t(k) = -k**3 + 131*k**2 + 88*k - 11522. What is t(131)?
6
Let a(x) = 3*x**3 + 40*x**2 + 37*x - 8. Determine a(-11).
432
Let z(r) = -r**2 - 34*r - 298. Determine z(-15).
-13
Let i(n) = 7*n**2 - 6*n + 5. Calculate i(3).
50
Let g(s) = -s**3 - 12*s**2 + 14*s - 6. Give g(-12).
-174
Let h(o) = o**3 + 99*o**2 + 123*o + 2680. What is h(-98)?
230
Let i(u) = -u**3 + 16*u**2 + 63*u - 257. Determine i(18).
229
Let a(l) = -129*l**2 - 7*l + 2. What is a(1)?
-134
Let o(s) = 32*s**2 + 1802*s + 557. Calculate o(-56).
-3
Let d(k) = -k**3 - 7*k**2 + 1759*k + 14005. Give d(-8).
-3
Let t(z) = -14*z**2 + 96*z + 6. What is t(7)?
-8
Let m(w) = w**3 - 9*w**2 + 14*w - 14. What is m(6)?
-38
Let s(h) = h**3 + 46*h**2 + 2*h + 57. Determine s(-46).
-35
Let j(w) = 155*w - 5. What is j(-1)?
-160
Let u(k) = -3*k**2 - 10*k + 13. Give u(7).
-204
Let n(r) = -r**3 - 17*r**2 + 114*r + 1732. What is n(-18)?
4
Let a(u) = 124*u - 881. Give a(7).
-13
Let c(x) = -4978*x - 14936. What is c(-3)?
-2
Let l(b) = b**3 + 23*b**2 + 80*b - 137. Give l(-6).
-5
Let o(p) = 31*p - 44. Calculate o(-2).
-106
Let n(b) = -234*b - 150. Determine n(-1).
84
Let w(q) = q**3 + 43*q**2 - 89*q + 118. Determine w(-45).
73
Let l(z) = 2*z**2 + 25*z - 133. Give l(6).
89
Let t(x) = x**3 - 20*x**2 + 7*x + 749. Calculate t(17).
1
Let m(f) = -2*f**3 - 22*f**2 - 39*f - 9. Calculate m(-9).
18
Let w(d) = 24*d + 1754. What is w(-60)?
314
Let v(a) = -4*a**3 - 4*a**2 - 7*a. Calculate v(-2).
30
Let n(r) = r**2 + 163*r - 1816. Give n(-174).
98
Let r(z) = z**2 + 254*z + 10205. What is r(-50)?
5
Let o(y) = -2*y**2 - 83*y - 100. Give o(-40).
20
Let w(c) = -c**3 - 38*c**2 - 11*c - 409. Determine w(-38).
9
Let j(x) = -3*x**2 - 17*x - 5. What is j(-5)?
5
Let x(l) = 166*l - 1129. Calculate x(7).
33
Let o(i) = -15*i**2 - 46*i - 12. Determine o(-4).
-68
Let d(h) = 2*h**3 - 14*h**2 + 52*h - 363. Give d(7).
1
Let v(g) = 2*g**3 + 6*g**2 - 2*g + 55. What is v(-5)?
-35
Let v(k) = k**3 - 72*k**2 + 31*k - 7593. Calculate v(73).
-1
Let y(p) = 23*p**2 - 10. What is y(0)?
-10
Let j(b) = -15*b - 82. What is j(-6)?
8
Let j(g) = -376*g + 3892. Give j(11).
-244
Let x(v) = 182*v + 1011. Give x(-6).
-81
Let i(s) = s**3 + 18*s**2 + 6*s + 25. Determine i(-18).
-83
Let a(o) = 229*o + 3669. Determine a(-16).
5
Let o(h) = 2*h**3 - 9*h**2 - 16*h + 58. Give o(5).
3
Let y(k) = -k**2 - 1774*k + 26857. What is y(15)?
22
Let z(u) = 16*u. Determine z(0).
0
Let q(b) = 4*b**2 + 153*b + 28. Determine q(0).
28
Let v(k) = 18*k**2 - 1. Give v(-1).
17
Let g(y) = -2*y - 34. Give g(-2).
-30
Let y(p) = p**3 + 28*p**2 + 171*p + 216. Give y(-20).
-4
Let z(o) = 36*o - 1136. What is z(32)?
16
Let j(b) = -b**3 + 75*b**2 - 2*b + 96. Calculate j(75).
-54
Let s(c) = -2*c**3 - 212*c**2 - 218*c - 845. Give s(-105).
-5
Let x(b) = -b**2 - 50*b - 21. What is x(-13)?
460
Let w(q) = 8*q**2 - 10*q. Determine w(2).
12
Let x(w) = -2475*w - 19744. Determine x(-8).
56
Let i(x) = -37*x**2 - 644*x - 251. Calculate i(-17).
4
Let g(n) = -n**3 + 9*n**2 + 3*n - 82. Give g(14).
-1020
Let n(i) = -2*i**3 - 99*i**2 - 50*i + 209. Calculate n(-49).
258
Let m(o) = -26*o - 235. Calculate m(-8).
-27
Let m(v) = 2*v**2 - 79*v - 38. Give m(40).
2
Let m(z) = z**2 - 392*z - 30277. Calculate m(-66).
-49
Let i(y) = -25*y**2 - 118*y + 440. Calculate i(4).
-432
Let u(g) = -11*g + 25. Calculate u(-2).
47
Let r(g) = -g**2 - 23*g - 117. Determine r(-13).
13
Let y(q) = 15*q + 1011. What is y(-68)?
-9
Let a(v) = v**2 + 90*v - 518. What is a(-97)?
161
Let u(c) = -c**3 - 70*c**2 + 59*c - 696. What is u(-71)?
156
Let a(d) = -2*d**2 - 52*d + 38. Give a(-11).
368
Let p(f) = -10*f**2 + 3*f - 26. Give p(4).
-174
Let d(l) = -3*l**3 - 14*l**2 - 4*l + 16. What is d(-4)?
0
Let w(s) = -10*s**2 - 622*s - 129. Calculate w(-62).
-5
Let k(i) = 49*i + 400. Calculate k(-18).
-482
Let b(t) = -2*t**3 - 69*t**2 + 35*t + 96. Give b(-35).
96
Let t(b) = -b**2 + 24*b + 174. What is t(30)?
-6
Let f(y) = -3*y**2 - 41*y + 25. Give f(-11).
113
Let k(c) = c**2 + 50*c + 302. Calculate k(-13).
-179
Let j(p) = 89*p + 5777. Determine j(-66).
-97
Let p(u) = -65*u + 438. What is p(10)?
-212
Let v(z) = -33*z - 992. What is v(-30)?
-2
Let s(y) = -99*y**3 + y**2 + 8*y - 10. Determine s(1).
-100
Let m(t) = 601*t - 3012. Determine m(5).
-7
Let i(u) = -27*u - 7348. What is i(-272)?
-4
Let s(x) = x**2 - 19*x - 32. What is s(21)?
10
Let t(w) = -w**3 + 17*w**2 - 71*w - 11. Give t(12).
-143
Let d(h) = -h**2 - 33*h - 216. What is d(-11)?
26
Let m(x) = 73*x - 293. Determine m(4).
-1
Let w(p) = p**2 + 129*p + 2822. What is w(-28)?
-6
Let m(k) = -k**3 - 9*k**2 - 8*k - 27. Give m(-10).
153
Let k(u) = -10*u - 154. Calculate k(-4).
-114
Let t(c) = -46*c + 2545. Determine t(55).
15
Let a(p) = p**3 + 16*p**2 - p - 33. Determine a(-5).
247
Let g(l) = -l**2 - 8*l + 5. Determine g(0).
5
Let q(p) = 1182*p - 4731. Calculate q(4).
-3
Let y(k) = k**3 - 12*k**2 + 32*k - 14. Determine y(3).
1
Let f(y) = 23*y**2 + 134*y + 13. Determine f(-6).
37
Let f(c) = -c + 77. Determine f(14).
63
Let g(z) = -3*z**3 + 27*z**2 + 5*z - 10. What is g(9)?
35
Let b(a) = -38*a - 646. Determine b(-27).
380
Let x(z) = -659*z**2 + 19769*z + 16. Determine x(30